{"id":1528,"date":"2021-04-26T08:52:51","date_gmt":"2021-04-26T08:52:51","guid":{"rendered":"https:\/\/asr-baulogistik.de\/?page_id=1528"},"modified":"2021-04-26T18:52:22","modified_gmt":"2021-04-26T18:52:22","slug":"impressum-2","status":"publish","type":"page","link":"https:\/\/asr-baulogistik.de\/index.php\/wartungsarbeiten\/kontakt\/impressum-2\/","title":{"rendered":"Impressum"},"content":{"rendered":"<p><strong>Impressum<\/strong><br \/>\nInhaber &amp; Gesch\u00e4ftsf\u00fchrer<\/p>\n<p>David Dankha<br \/>\nASR-Baulogistik<br \/>\nAuerfeldstrasse 16<br \/>\n81541 M\u00fcnchen<\/p>\n<p>Tel: (+49)089-78792576<br \/>\nFAX: (+49)089-78792576<br \/>\nHandy: (+49)01639150276<\/p>\n<p>E-Mail: info@asr-baulogistik.de<\/p>\n<p>Steuernummer: 144\/187\/81441<br \/>\nUSt-IdNr.: DE326465272<\/p>\n<p>Amtsgericht M\u00fcnchen<\/p>\n","protected":false},"excerpt":{"rendered":"<p>Impressum Inhaber &amp; Gesch\u00e4ftsf\u00fchrer David Dankha ASR-Baulogistik Auerfeldstrasse 16 81541 M\u00fcnchen Tel: (+49)089-78792576 FAX: (+49)089-78792576 Handy: (+49)01639150276 E-Mail: info@asr-baulogistik.de Steuernummer: 144\/187\/81441 USt-IdNr.: DE326465272 Amtsgericht M\u00fcnchen<\/p>\n","protected":false},"author":1,"featured_media":0,"parent":308,"menu_order":0,"comment_status":"closed","ping_status":"closed","template":"","meta":{"footnotes":""},"class_list":["post-1528","page","type-page","status-publish","hentry","description-off"],"jetpack_sharing_enabled":true,"_links":{"self":[{"href":"https:\/\/asr-baulogistik.de\/index.php\/wp-json\/wp\/v2\/pages\/1528","targetHints":{"allow":["GET"]}}],"collection":[{"href":"https:\/\/asr-baulogistik.de\/index.php\/wp-json\/wp\/v2\/pages"}],"about":[{"href":"https:\/\/asr-baulogistik.de\/index.php\/wp-json\/wp\/v2\/types\/page"}],"author":[{"embeddable":true,"href":"https:\/\/asr-baulogistik.de\/index.php\/wp-json\/wp\/v2\/users\/1"}],"replies":[{"embeddable":true,"href":"https:\/\/asr-baulogistik.de\/index.php\/wp-json\/wp\/v2\/comments?post=1528"}],"version-history":[{"count":3,"href":"https:\/\/asr-baulogistik.de\/index.php\/wp-json\/wp\/v2\/pages\/1528\/revisions"}],"predecessor-version":[{"id":1547,"href":"https:\/\/asr-baulogistik.de\/index.php\/wp-json\/wp\/v2\/pages\/1528\/revisions\/1547"}],"up":[{"embeddable":true,"href":"https:\/\/asr-baulogistik.de\/index.php\/wp-json\/wp\/v2\/pages\/308"}],"wp:attachment":[{"href":"https:\/\/asr-baulogistik.de\/index.php\/wp-json\/wp\/v2\/media?parent=1528"}],"curies":[{"name":"wp","href":"https:\/\/api.w.org\/{rel}","templated":true}]}}